2682899 composite?
False
Is 7539653417 a composite number?
False
Is 68715423683 prime?
True
Is 9734914135 a composite number?
True
Is 2936055943 prime?
True
Is 45760655207 a composite number?
False
Is 115882648697 composite?
False
Is 28200033509 prime?
True
Is 6973848577 a prime number?
True
Is 15174612071 prime?
False
Is 217748179 a composite number?
True
Is 67719127057 prime?
False
Is 284347029 prime?
False
Is 69463219421 prime?
True
Is 782262479 a composite number?
False
Is 768952219 a prime number?
False
Is 20672658371 prime?
False
Is 11546340119 prime?
False
Is 24416881 prime?
False
Is 17199697337 a prime number?
True
Is 928629127 a prime number?
False
Is 64740454223 a prime number?
True
Is 3627764593 a composite number?
True
Is 675810917 prime?
True
Is 24110525359 composite?
False
Is 1441439737 prime?
False
Is 505153199 prime?
False
Is 5216541871 a composite number?
False
Is 540610765 prime?
False
Is 236110643 prime?
False
Is 8678780321 a prime number?
False
Is 16908017843 composite?
False
Is 68733026113 composite?
False
Is 628289771 a composite number?
True
Is 1777558327 prime?
False
Is 32098957309 a composite number?
True
Is 130278906673 composite?
True
Is 2920843213 a prime number?
True
Is 10711690931 a prime number?
True
Is 114898619203 a composite number?
False
Is 4729305073 composite?
True
Is 1780726749 a composite number?
True
Is 256704167 prime?
True
Is 913936223 prime?
False
Is 15028033777 prime?
True
Is 4347727355 a composite number?
True
Is 8309633551 prime?
False
Is 266324058929 prime?
False
Is 31293143513 composite?
True
Is 640650641 a composite number?
False
Is 14484788119 composite?
False
Is 89789724897 composite?
True
Is 40620706649 a prime number?
True
Is 48277500809 composite?
False
Is 17588259791 a composite number?
False
Is 40192214119 composite?
False
Is 74697063517 a prime number?
True
Is 122818052611 a composite number?
False
Is 1617767963 prime?
False
Is 1449349123 composite?
False
Is 4030251023 a prime number?
True
Is 17913632251 composite?
True
Is 25597058978 a composite number?
True
Is 702370391 prime?
False
Is 37851010817 prime?
False
Is 963741511 a composite number?
False
Is 3432223229 a prime number?
True
Is 211618456015 a prime number?
False
Is 26874327269 composite?
False
Is 105516667 prime?
False
Is 2336857465 a prime number?
False
Is 95298953 composite?
True
Is 264941203 composite?
True
Is 11579260229 prime?
False
Is 30013297801 a composite number?
True
Is 1114003669 prime?
True
Is 424309582 a prime number?
False
Is 57193251587 composite?
False
Is 1752263411 composite?
False
Is 537145487 composite?
True
Is 8612767549 a prime number?
False
Is 11280276277 a composite number?
True
Is 195042541 prime?
True
Is 4066812859 a prime number?
False
Is 404621638 a prime number?
False
Is 691032361 composite?
True
Is 7002661009 composite?
False
Is 2631180737 prime?
True
Is 89161693 a prime number?
True
Is 705041713 a prime number?
False
Is 39622046159 composite?
True
Is 3640473247 prime?
False
Is 19973060057 prime?
False
Is 64616003 composite?
False
Is 1073591609 a prime number?
True
Is 31129527301 a prime number?
True
Is 33046278781 a composite number?
True
Is 3992892383 a composite number?
True
Is 215625133 a prime number?
True
Is 10333079629 a composite number?
False
Is 4309539427 prime?
False
Is 36891676729 a prime number?
True
Is 385808537 a composite number?
True
Is 4752584573 prime?
False
Is 99086525711 a prime number?
False
Is 32916067627 a prime number?
True
Is 23930471563 composite?
True
Is 2495487961 a composite number?
True
Is 319391641 prime?
True
Is 7569527977 a composite number?
True
Is 2698578989 a prime number?
False
Is 29850000163 composite?
False
Is 26009873 a prime number?
True
Is 10798029509 a composite number?
False
Is 9111962737 a composite number?
True
Is 43810865251 a composite number?
True
Is 1622329213 a prime number?
False
Is 56919277913 a prime number?
True
Is 2284921747 composite?
False
Is 75264066277 composite?
False
Is 650445457 a composite number?
False
Is 1763126969 a composite number?
False
Is 25306610651 a prime number?
False
Is 7705388407 composite?
True
Is 15317437717 prime?
False
Is 5603618147 composite?
False
Is 13166013803 composite?
False
Is 80937270653 prime?
True
Is 1087272253 a prime number?
True
Is 26569755335 prime?
False
Is 871708219 a composite number?
True
Is 55630679947 composite?
False
Is 8281273283 a composite number?
True
Is 2243404297 a composite number?
True
Is 36861534595 prime?
False
Is 1438752779 a composite number?
False
Is 918847141 prime?
True
Is 4835952509 prime?
True
Is 8020114859 a prime number?
True
Is 344574591403 composite?
True
Is 754273781 a composite number?
False
Is 1896321883 composite?
True
Is 31609968911 a composite number?
True
Is 199798057 a composite number?
False
Is 561564761 a composite number?
False
Is 70834529 composite?
True
Is 72631076651 a composite number?
True
Is 3189281573 a prime number?
False
Is 34656067 composite?
False
Is 87629071 prime?
True
Is 416768423 prime?
True
Is 17284650283 composite?
False
Is 998414173 a prime number?
True
Is 121623570517 a composite number?
False
Is 59402381 a prime number?
True
Is 29190928489 a prime number?
False
Is 3883322083 a composite number?
False
Is 603577867 a prime number?
False
Is 9211084933 a prime number?
True
Is 60484672459 a prime number?
True
Is 3571751671 a composite number?
True
Is 5897515859 a composite number?
True
Is 3247414901 composite?
True
Is 3048959699 prime?
True
Is 60223637231 a composite number?
True
Is 181893617 composite?
False
Is 19952987 a prime number?
False
Is 412040329 composite?
False
Is 3616459199 composite?
False
Is 682360979 prime?
True
Is 59793127 a composite number?
True
Is 704411101 a composite number?
False
Is 5850306071 a prime number?
False
Is 99523656203 a prime number?
True
Is 6975544269 a prime number?
False
Is 8160447761 a composite number?
False
Is 77072927 composite?
True
Is 62058921101 prime?
False
Is 12054748621 prime?
True
Is 12174975905 a prime number?
False
Is 32326466827 a composite number?
False
Is 959762819 a prime number?
False
Is 198489281 a prime number?
False
Is 4555673 a prime number?
True
Is 2485657313 composite?
False
Is 334133869 a composite number?
True
Is 1041015751 prime?
False
Is 2028996847 composite?
False
Is 57749293313 a composite number?
False
Is 9395332771 prime?
False
Is 34532204939 prime?
True
Is 15236758081 composite?
True
Is 52672803083 a composite number?
True
Is 1146947611 a prime number?
True
Is 143240651 a prime number?
False
Is 15742479251 a composite number?
True
Is 46276386857 a composite number?
False
Is 76462861 prime?
True
Is 669438553 prime?
False
Is 1206940333 a prime number?
False
Is 15232183453 prime?
True
Is 27302890169 prime?
True
Is 76701645921 composite?
True
Is 137541743 composite?
True
Is 2865075571 prime?
False
Is 284960969 prime?
True
Is 3873322909 composite?
True
Is 1775230673 prime?
False
Is 1839546281 prime?
True
Is 6355317737 prime?
True
Is 702669240205 a prime number?
False
Is 929980561 composite?
True
Is 2033254997 prime?
True
Is 3967442071 a composite number?
False
Is 856900831 composite?
True
Is 774263051 prime?
False
Is 493955663 a prime number?
False
Is 6444418237 prime?
True
Is 6437494159 a prime number?
False
Is 193934527 a prime number?
True
Is 3777579539 a prime number?
True
Is 75719025757 composite?
False
Is 18055762001 composite?
False
Is 756231631 a composite number?
False
Is 31813545851 a composite number?
True
Is 6557022733 composite?
False
Is 8273264471 a prime number?
True
Is 2872497506 composite?
True
Is 299028414385 composite?
True
Is 116629541 a prime number?
False
Is 159814801 a composite number?
False
Is 59328837779 a prime number?
False
Is 3335639597 composite?
False
Is 9456611611 composite?
False
Is 1136443502 a composite number?
True
Is 27638544331 composite?
False
Is 10025675171 a prime number?
False
Is 665888819 prime?
True
Is 82193509 a composite number?
False
Is 15790103207 prime?
False
Is 14927702331 a composite number?
True
Is 69220837427 prime?
False
Is 13410414803 composite?
True
Is 1564540441 composite?
False
Is 43592281 composite?
False
Is 68440185001 composite?
False
Is 21538385039 composite?
False
Is 272079263 composite?
True
Is 246296032967 a prime numbe